 factor of 11247 and 123?
3
Calculate the greatest common divisor of 6657 and 129.
3
Calculate the highest common factor of 40 and 3167420.
20
Calculate the greatest common divisor of 638 and 11550.
22
What is the highest common factor of 130 and 546?
26
Calculate the highest common divisor of 73950 and 2320.
290
What is the greatest common factor of 2795 and 48633?
559
What is the greatest common divisor of 221018 and 14?
14
What is the greatest common factor of 143 and 248677?
143
Calculate the greatest common divisor of 27571 and 711.
79
What is the greatest common factor of 252 and 1175391?
63
Calculate the greatest common factor of 128106 and 612.
18
What is the highest common factor of 1050 and 8435175?
525
What is the highest common factor of 6 and 137247?
3
What is the greatest common factor of 96866 and 714?
238
Calculate the highest common factor of 586 and 1262.
2
What is the highest common factor of 483494 and 198?
22
What is the greatest common divisor of 6870 and 30?
30
What is the greatest common factor of 15288 and 2886?
78
Calculate the greatest common divisor of 217798 and 9870.
658
What is the greatest common divisor of 3042 and 304668?
234
Calculate the highest common factor of 69 and 10994.
23
Calculate the highest common factor of 28560 and 360.
120
What is the greatest common divisor of 580 and 2580?
20
Calculate the highest common factor of 2152656 and 144.
144
What is the greatest common divisor of 4 and 5275?
1
What is the greatest common divisor of 639 and 1521?
9
Calculate the greatest common divisor of 17365 and 224235.
755
Calculate the highest common factor of 6051 and 51.
3
Calculate the greatest common factor of 414 and 1008.
18
What is the highest common factor of 142944 and 480?
96
What is the greatest common divisor of 1136460 and 6240?
780
Calculate the highest common factor of 14745 and 30.
15
What is the highest common factor of 35 and 15316?
7
What is the highest common divisor of 2079 and 3199?
7
Calculate the greatest common factor of 3630 and 95280.
30
What is the highest common divisor of 3737 and 18483?
101
What is the greatest common divisor of 1699302 and 264?
66
Calculate the greatest common divisor of 32 and 447896.
8
What is the greatest common factor of 32130 and 1026?
54
Calculate the greatest common divisor of 14 and 167762.
14
Calculate the highest common factor of 680 and 5457.
17
Calculate the greatest common divisor of 903 and 2937459.
903
What is the highest common factor of 144 and 681072?
48
Calculate the highest common factor of 72587 and 319.
29
What is the greatest common divisor of 1328 and 1724?
4
Calculate the highest common factor of 93434 and 21142.
682
Calculate the highest common divisor of 2993 and 7519.
73
Calculate the highest common divisor of 57 and 73443.
3
What is the highest common factor of 232408 and 834?
278
Calculate the greatest common divisor of 25 and 198425.
25
What is the greatest common factor of 14 and 6937?
7
Calculate the greatest common factor of 1990064 and 24.
8
What is the highest common factor of 80 and 6192?
16
Calculate the greatest common divisor of 47045 and 27645.
485
What is the highest common divisor of 1280 and 13056?
256
What is the greatest common factor of 16470 and 1350?
270
What is the greatest common divisor of 344 and 388536?
8
What is the greatest common factor of 60 and 132168?
12
What is the greatest common divisor of 35 and 400470?
35
Calculate the highest common factor of 86076 and 81.
27
What is the greatest common divisor of 1128 and 53204?
188
What is the greatest common divisor of 780185 and 10?
5
Calculate the highest common factor of 151738 and 4.
2
Calculate the greatest common factor of 468 and 878436.
468
Calculate the greatest common divisor of 19918 and 17320.
866
Calculate the highest common factor of 63877 and 11.
11
Calculate the greatest common divisor of 1709 and 1.
1
What is the greatest common factor of 2850 and 6441?
57
Calculate the greatest common divisor of 5 and 319205.
5
Calculate the highest common factor of 217756 and 2464.
308
What is the greatest common divisor of 250 and 29075?
25
Calculate the highest common divisor of 10 and 305770.
10
Calculate the highest common factor of 21425 and 50.
25
Calculate the greatest common factor of 1793 and 1304.
163
Calculate the greatest common factor of 83611 and 11.
11
What is the highest common factor of 1512 and 486648?
216
Calculate the highest common divisor of 25988 and 9782.
146
What is the highest common divisor of 29 and 84593?
29
Calculate the greatest common divisor of 62 and 7036318.
62
Calculate the highest common factor of 9276 and 36.
12
Calculate the highest common factor of 5 and 19025.
5
What is the greatest common factor of 1141 and 26080?
163
Calculate the greatest common divisor of 396070 and 2.
2
Calculate the highest common factor of 4 and 844836.
4
Calculate the greatest common factor of 4320 and 22608.
144
Calculate the greatest common divisor of 2554 and 226.
2
Calculate the highest common factor of 2584 and 836.
76
What is the greatest common factor of 1560 and 839436?
156
Calculate the greatest common factor of 42 and 34167.
21
What is the highest common factor of 15904 and 1792?
224
Calculate the highest common factor of 3597 and 24.
3
What is the greatest common factor of 10557 and 143451?
621
What is the highest common factor of 70 and 6191010?
70
What is the greatest common factor of 308687 and 467?
467
Calculate the greatest common factor of 34160 and 30.
10
What is the highest common factor of 18 and 164673?
9
Calculate the highest common factor of 233318 and 86.
86
What is the greatest common factor of 474 and 1185?
237
Calculate the highest common factor of 2244 and 1410252.
204
Calculate the highest common divisor of 63830 and 1040.
130
Calculate the highest common divisor of 147640 and 200.
40
Calculate the highest common factor of 1545 and 2145.
15
What is the greatest common divisor of 444576 and 2112?
1056
What is the greatest common divisor of 52318 and 407?
37
What is the greatest common factor of 11536 and 512?
16
Calculate the highest common factor of 743360 and 240.
80
What is the greatest common factor of 350 and 34150?
50
What is the highest common divisor of 153 and 5532633?
153
What is the greatest common divisor of 372870 and 420?
30
What is the highest common divisor of 8892564 and 68?
68
What is the highest common divisor of 22538 and 826?
118
Calculate the greatest common factor of 978 and 118338.
978
Calculate the highest common divisor of 2104 and 359258.
526
Calculate the greatest common factor of 24775 and 67388.
991
What is the highest common factor of 82161 and 3672?
459
What is the greatest common factor of 3069 and 2601?
9
What is the greatest common divisor of 145175 and 2?
1
What is the highest common divisor of 2110 and 33338?
422
Calculate the greatest common divisor of 7554 and 750.
6
Calculate the highest common factor of 4117 and 1611.
179
Calculate the highest common factor of 930922 and 398.
398
Calculate the greatest common factor of 220283 and 14.
7
What is the greatest common factor of 36 and 322614?
18
Calculate the greatest common divisor of 350 and 264775.
175
Calculate the highest common factor of 27 and 7084827.
27
Calculate the highest common divisor of 23106 and 12.
6
What is the highest common factor of 290 and 297240?
10
What is the highest common divisor of 8157 and 6?
3
What is the greatest common divisor of 1254 and 31372?
22
What is the greatest common factor of 53838 and 22931?
997
Calculate the greatest common factor of 48296 and 40.
8
Calculate the greatest common factor of 370383 and 312.
39
Calculate the greatest common divisor of 201391 and 333.
37
What is the highest common factor of 718 and 82929?
359
Calculate the highest common factor of 16798 and 64.
2
Calculate the greatest common factor of 143 and 508391.
13
Calculate the greatest common divisor of 574 and 763994.
574
Calculate the highest common factor of 258523 and 4609.
419
Calculate the greatest common factor of 4360648 and 794.
794
Calculate the highest common divisor of 394 and 29747.
197
Calculate the highest common divisor of 1035 and 46395.
45
What is the highest common divisor of 2075 and 180875?
25
Wh